{"id":250,"date":"2015-11-03T15:19:48","date_gmt":"2015-11-03T15:19:48","guid":{"rendered":"http:\/\/demowp.cththemes.net\/outdoor\/?page_id=250"},"modified":"2019-05-07T14:09:04","modified_gmt":"2019-05-07T12:09:04","slug":"contact-2","status":"publish","type":"page","link":"https:\/\/lesseguins.fr\/index.php\/contact-2\/","title":{"rendered":"Contact"},"content":{"rendered":"<p>[vc_row cth_layout=\u00a0\u00bbcontact2_bg_sec\u00a0\u00bb css=\u00a0\u00bb.vc_custom_1446740058974{background-image: url(https:\/\/lesseguins.fr\/wp-content\/uploads\/2018\/12\/drone3.jpg) !important;}\u00a0\u00bb][vc_column css=\u00a0\u00bb.vc_custom_1446740174244{padding-bottom: 60px !important;}\u00a0\u00bb][vc_column_text]<\/p>\n<h2>Contact<\/h2>\n<div class=\"separator\"><\/div>\n<p>[\/vc_column_text][\/vc_column][vc_column offset=\u00a0\u00bbvc_col-md-4&Prime;][vc_column_text]<\/p>\n<p class=\"no-rep\">Vous pouvez effectuer une r\u00e9servation, conna\u00eetre nos disponibilit\u00e9s ou obtenir plus d&rsquo;informations en remplissant le formulaire ci-dessous ou nous contacter par t\u00e9l\u00e9phone<\/p>\n<ul class=\"contact-list\">\n<li><a href=\"#\">Ferme les Seguins 04210 Valensole<\/a><\/li>\n<li><a href=\"#\">+33 (6) 43 40 53 37<\/a><\/li>\n<li><a href=\"contact@lesseguins.fr\">contact@lesseguins.fr<\/a><\/li>\n<\/ul>\n<p>[\/vc_column_text][\/vc_column][vc_column offset=\u00a0\u00bbvc_col-md-8&Prime;]\n<div class=\"wpcf7 no-js\" id=\"wpcf7-f313-o1\" lang=\"en-US\" dir=\"ltr\" data-wpcf7-id=\"313\">\n<div class=\"screen-reader-response\"><p role=\"status\" aria-live=\"polite\" aria-atomic=\"true\"><\/p> <ul><\/ul><\/div>\n<form action=\"\/index.php\/wp-json\/wp\/v2\/pages\/250#wpcf7-f313-o1\" method=\"post\" class=\"wpcf7-form init\" aria-label=\"Contact form\" novalidate=\"novalidate\" data-status=\"init\">\n<fieldset class=\"hidden-fields-container\"><input type=\"hidden\" name=\"_wpcf7\" value=\"313\" \/><input type=\"hidden\" name=\"_wpcf7_version\" value=\"6.1.5\" \/><input type=\"hidden\" name=\"_wpcf7_locale\" value=\"en_US\" \/><input type=\"hidden\" name=\"_wpcf7_unit_tag\" value=\"wpcf7-f313-o1\" \/><input type=\"hidden\" name=\"_wpcf7_container_post\" value=\"0\" \/><input type=\"hidden\" name=\"_wpcf7_posted_data_hash\" value=\"\" \/>\n<\/fieldset>\n<div id=\"contact-form\">\n\t<p><span class=\"wpcf7-form-control-wrap\" data-name=\"your-name\"><input size=\"40\" maxlength=\"400\" class=\"wpcf7-form-control wpcf7-text wpcf7-validates-as-required\" aria-required=\"true\" aria-invalid=\"false\" placeholder=\"Votre nom\" value=\"\" type=\"text\" name=\"your-name\" \/><\/span><span class=\"wpcf7-form-control-wrap\" data-name=\"your-email\"><input size=\"40\" maxlength=\"400\" class=\"wpcf7-form-control wpcf7-email wpcf7-validates-as-required wpcf7-text wpcf7-validates-as-email\" aria-required=\"true\" aria-invalid=\"false\" placeholder=\"Votre E-mail\" value=\"\" type=\"email\" name=\"your-email\" \/><\/span><span class=\"wpcf7-form-control-wrap\" data-name=\"your-message\"><textarea cols=\"40\" rows=\"10\" maxlength=\"2000\" class=\"wpcf7-form-control wpcf7-textarea wpcf7-validates-as-required\" aria-required=\"true\" aria-invalid=\"false\" placeholder=\"Message\" name=\"your-message\"><\/textarea><\/span><input class=\"wpcf7-form-control wpcf7-submit has-spinner send_message transition\" type=\"submit\" value=\"Envoyer\" \/>\n\t<\/p>\n<\/div><p style=\"display: none !important;\" class=\"akismet-fields-container\" data-prefix=\"_wpcf7_ak_\"><label>&#916;<textarea name=\"_wpcf7_ak_hp_textarea\" cols=\"45\" rows=\"8\" maxlength=\"100\"><\/textarea><\/label><input type=\"hidden\" id=\"ak_js_1\" name=\"_wpcf7_ak_js\" value=\"66\"\/><script>document.getElementById( \"ak_js_1\" ).setAttribute( \"value\", ( new Date() ).getTime() );<\/script><\/p><div class=\"wpcf7-response-output\" aria-hidden=\"true\"><\/div>\n<\/form>\n<\/div>\n[\/vc_column][\/vc_row]<\/p>\n","protected":false},"excerpt":{"rendered":"<p>[vc_row cth_layout=\u00a0\u00bbcontact2_bg_sec\u00a0\u00bb css=\u00a0\u00bb.vc_custom_1446740058974{background-image: url(https:\/\/lesseguins.fr\/wp-content\/uploads\/2018\/12\/drone3.jpg) !important;}\u00a0\u00bb][vc_column css=\u00a0\u00bb.vc_custom_1446740174244{padding-bottom: 60px !important;}\u00a0\u00bb][vc_column_text] Contact [\/vc_column_text][\/vc_column][vc_column offset=\u00a0\u00bbvc_col-md-4&Prime;][vc_column_text] Vous pouvez effectuer une r\u00e9servation, conna\u00eetre nos disponibilit\u00e9s ou obtenir plus d&rsquo;informations en remplissant le formulaire ci-dessous ou nous contacter par t\u00e9l\u00e9phone Ferme les Seguins 04210 Valensole +33 (6) 43 40 53 37 contact@lesseguins.fr [\/vc_column_text][\/vc_column][vc_column offset=\u00a0\u00bbvc_col-md-8&Prime;][\/vc_column][\/vc_row]<\/p>\n","protected":false},"author":1,"featured_media":0,"parent":0,"menu_order":0,"comment_status":"closed","ping_status":"closed","template":"homepage.php","meta":{"footnotes":""},"class_list":["post-250","page","type-page","status-publish","hentry"],"yoast_head":"<!-- This site is optimized with the Yoast SEO plugin v27.0 - https:\/\/yoast.com\/product\/yoast-seo-wordpress\/ -->\n<title>Contact - Ferme des Seguins<\/title>\n<meta name=\"robots\" content=\"index, follow, max-snippet:-1, max-image-preview:large, max-video-preview:-1\" \/>\n<link rel=\"canonical\" href=\"https:\/\/lesseguins.fr\/index.php\/contact-2\/\" \/>\n<meta property=\"og:locale\" content=\"fr_FR\" \/>\n<meta property=\"og:type\" content=\"article\" \/>\n<meta property=\"og:title\" content=\"Contact - Ferme des Seguins\" \/>\n<meta property=\"og:description\" content=\"[vc_row cth_layout=\u00a0\u00bbcontact2_bg_sec\u00a0\u00bb css=\u00a0\u00bb.vc_custom_1446740058974{background-image: url(https:\/\/lesseguins.fr\/wp-content\/uploads\/2018\/12\/drone3.jpg) !important;}\u00a0\u00bb][vc_column css=\u00a0\u00bb.vc_custom_1446740174244{padding-bottom: 60px !important;}\u00a0\u00bb][vc_column_text] Contact [\/vc_column_text][\/vc_column][vc_column offset=\u00a0\u00bbvc_col-md-4&Prime;][vc_column_text] Vous pouvez effectuer une r\u00e9servation, conna\u00eetre nos disponibilit\u00e9s ou obtenir plus d&rsquo;informations en remplissant le formulaire ci-dessous ou nous contacter par t\u00e9l\u00e9phone Ferme les Seguins 04210 Valensole +33 (6) 43 40 53 37 contact@lesseguins.fr [\/vc_column_text][\/vc_column][vc_column offset=\u00a0\u00bbvc_col-md-8&Prime;][\/vc_column][\/vc_row]\" \/>\n<meta property=\"og:url\" content=\"https:\/\/lesseguins.fr\/index.php\/contact-2\/\" \/>\n<meta property=\"og:site_name\" content=\"Ferme des Seguins\" \/>\n<meta property=\"article:modified_time\" content=\"2019-05-07T12:09:04+00:00\" \/>\n<meta name=\"twitter:card\" content=\"summary_large_image\" \/>\n<script type=\"application\/ld+json\" class=\"yoast-schema-graph\">{\"@context\":\"https:\/\/schema.org\",\"@graph\":[{\"@type\":\"WebPage\",\"@id\":\"https:\/\/lesseguins.fr\/index.php\/contact-2\/\",\"url\":\"https:\/\/lesseguins.fr\/index.php\/contact-2\/\",\"name\":\"Contact - Ferme des Seguins\",\"isPartOf\":{\"@id\":\"https:\/\/lesseguins.fr\/#website\"},\"datePublished\":\"2015-11-03T15:19:48+00:00\",\"dateModified\":\"2019-05-07T12:09:04+00:00\",\"breadcrumb\":{\"@id\":\"https:\/\/lesseguins.fr\/index.php\/contact-2\/#breadcrumb\"},\"inLanguage\":\"fr-FR\",\"potentialAction\":[{\"@type\":\"ReadAction\",\"target\":[\"https:\/\/lesseguins.fr\/index.php\/contact-2\/\"]}]},{\"@type\":\"BreadcrumbList\",\"@id\":\"https:\/\/lesseguins.fr\/index.php\/contact-2\/#breadcrumb\",\"itemListElement\":[{\"@type\":\"ListItem\",\"position\":1,\"name\":\"Accueil\",\"item\":\"https:\/\/lesseguins.fr\/\"},{\"@type\":\"ListItem\",\"position\":2,\"name\":\"Contact\"}]},{\"@type\":\"WebSite\",\"@id\":\"https:\/\/lesseguins.fr\/#website\",\"url\":\"https:\/\/lesseguins.fr\/\",\"name\":\"Ferme des Seguins\",\"description\":\"\",\"potentialAction\":[{\"@type\":\"SearchAction\",\"target\":{\"@type\":\"EntryPoint\",\"urlTemplate\":\"https:\/\/lesseguins.fr\/?s={search_term_string}\"},\"query-input\":{\"@type\":\"PropertyValueSpecification\",\"valueRequired\":true,\"valueName\":\"search_term_string\"}}],\"inLanguage\":\"fr-FR\"}]}<\/script>\n<!-- \/ Yoast SEO plugin. -->","yoast_head_json":{"title":"Contact - Ferme des Seguins","robots":{"index":"index","follow":"follow","max-snippet":"max-snippet:-1","max-image-preview":"max-image-preview:large","max-video-preview":"max-video-preview:-1"},"canonical":"https:\/\/lesseguins.fr\/index.php\/contact-2\/","og_locale":"fr_FR","og_type":"article","og_title":"Contact - Ferme des Seguins","og_description":"[vc_row cth_layout=\u00a0\u00bbcontact2_bg_sec\u00a0\u00bb css=\u00a0\u00bb.vc_custom_1446740058974{background-image: url(https:\/\/lesseguins.fr\/wp-content\/uploads\/2018\/12\/drone3.jpg) !important;}\u00a0\u00bb][vc_column css=\u00a0\u00bb.vc_custom_1446740174244{padding-bottom: 60px !important;}\u00a0\u00bb][vc_column_text] Contact [\/vc_column_text][\/vc_column][vc_column offset=\u00a0\u00bbvc_col-md-4&Prime;][vc_column_text] Vous pouvez effectuer une r\u00e9servation, conna\u00eetre nos disponibilit\u00e9s ou obtenir plus d&rsquo;informations en remplissant le formulaire ci-dessous ou nous contacter par t\u00e9l\u00e9phone Ferme les Seguins 04210 Valensole +33 (6) 43 40 53 37 contact@lesseguins.fr [\/vc_column_text][\/vc_column][vc_column offset=\u00a0\u00bbvc_col-md-8&Prime;][\/vc_column][\/vc_row]","og_url":"https:\/\/lesseguins.fr\/index.php\/contact-2\/","og_site_name":"Ferme des Seguins","article_modified_time":"2019-05-07T12:09:04+00:00","twitter_card":"summary_large_image","schema":{"@context":"https:\/\/schema.org","@graph":[{"@type":"WebPage","@id":"https:\/\/lesseguins.fr\/index.php\/contact-2\/","url":"https:\/\/lesseguins.fr\/index.php\/contact-2\/","name":"Contact - Ferme des Seguins","isPartOf":{"@id":"https:\/\/lesseguins.fr\/#website"},"datePublished":"2015-11-03T15:19:48+00:00","dateModified":"2019-05-07T12:09:04+00:00","breadcrumb":{"@id":"https:\/\/lesseguins.fr\/index.php\/contact-2\/#breadcrumb"},"inLanguage":"fr-FR","potentialAction":[{"@type":"ReadAction","target":["https:\/\/lesseguins.fr\/index.php\/contact-2\/"]}]},{"@type":"BreadcrumbList","@id":"https:\/\/lesseguins.fr\/index.php\/contact-2\/#breadcrumb","itemListElement":[{"@type":"ListItem","position":1,"name":"Accueil","item":"https:\/\/lesseguins.fr\/"},{"@type":"ListItem","position":2,"name":"Contact"}]},{"@type":"WebSite","@id":"https:\/\/lesseguins.fr\/#website","url":"https:\/\/lesseguins.fr\/","name":"Ferme des Seguins","description":"","potentialAction":[{"@type":"SearchAction","target":{"@type":"EntryPoint","urlTemplate":"https:\/\/lesseguins.fr\/?s={search_term_string}"},"query-input":{"@type":"PropertyValueSpecification","valueRequired":true,"valueName":"search_term_string"}}],"inLanguage":"fr-FR"}]}},"_links":{"self":[{"href":"https:\/\/lesseguins.fr\/index.php\/wp-json\/wp\/v2\/pages\/250","targetHints":{"allow":["GET"]}}],"collection":[{"href":"https:\/\/lesseguins.fr\/index.php\/wp-json\/wp\/v2\/pages"}],"about":[{"href":"https:\/\/lesseguins.fr\/index.php\/wp-json\/wp\/v2\/types\/page"}],"author":[{"embeddable":true,"href":"https:\/\/lesseguins.fr\/index.php\/wp-json\/wp\/v2\/users\/1"}],"replies":[{"embeddable":true,"href":"https:\/\/lesseguins.fr\/index.php\/wp-json\/wp\/v2\/comments?post=250"}],"version-history":[{"count":8,"href":"https:\/\/lesseguins.fr\/index.php\/wp-json\/wp\/v2\/pages\/250\/revisions"}],"predecessor-version":[{"id":903,"href":"https:\/\/lesseguins.fr\/index.php\/wp-json\/wp\/v2\/pages\/250\/revisions\/903"}],"wp:attachment":[{"href":"https:\/\/lesseguins.fr\/index.php\/wp-json\/wp\/v2\/media?parent=250"}],"curies":[{"name":"wp","href":"https:\/\/api.w.org\/{rel}","templated":true}]}}